hest common factor of c and h.
31
Let f(a) = -a**2 + 20*a - 12. Let d be f(8). Calculate the highest common divisor of d and 21.
21
Let l(i) = -i**2 - 16*i + 19. Let p be l(-11). What is the greatest common divisor of 111 and p?
37
Suppose 4*b - 28 - 28 = 0. Calculate the highest common divisor of b and 2.
2
Let y be (-2)/3*63/(-14). Suppose -m = y*c + 2*m - 15, 3 = -3*m. What is the greatest common divisor of 18 and c?
6
Suppose -5*k - 273 = -4*s, 0 = 3*s + 2*s - 3*k - 351. What is the greatest common divisor of s and 24?
24
Suppose -3*h = 4*n - n - 45, 26 = 2*h - 2*n. What is the highest common divisor of 224 and h?
14
Suppose 2*i = 4*i - 36. Calculate the highest common factor of 9 and i.
9
Let t be (-6)/(-4) + (-1)/(-2). Calculate the highest common factor of t and 1.
1
Let q(c) be the third derivative of c**6/120 + c**5/15 - c**4/6 - c**3/2 - 4*c**2. Let p be q(-4). What is the highest common divisor of 143 and p?
13
Let w(y) = -y**2 + 11*y - 7. Let s be w(5). What is the greatest common divisor of 46 and s?
23
Suppose 0 = -0*v + v - 5. Suppose -v*g = -5 - 55. What is the highest common divisor of g and 108?
12
Let x be (-5 - -6)*3*-18. Let u = -34 - x. What is the greatest common divisor of 4 and u?
4
Let k = -13 - -27. Let t(i) = -i**3 - 5*i**2 - 3*i + 6. Let p be t(-5). Calculate the highest common factor of p and k.
7
Let r be (6/(-9))/(6/27) - -99. What is the greatest common factor of r and 64?
32
Let x be -5*3/(0 + -3). Calculate the greatest common factor of x and 2.
1
Let s(p) = 32*p + 6. Let t be s(2). What is the highest common divisor of 35 and t?
35
Let d(y) = y**3 + 7*y**2 + 2*y - 4. Let x be d(-5). What is the greatest common factor of 18 and x?
18
Let r be 1134/7*(-4)/(-6). Let c = -24 + 36. What is the highest common divisor of c and r?
12
Let b = 4 + 2. Suppose -6*k = -k - 330. Calculate the highest common divisor of b and k.
6
Suppose -3*q = -30 - 30. Calculate the highest common factor of q and 20.
20
Suppose -8*k = -y - 3*k + 258, 4*k = -4*y + 936. What is the highest common factor of y and 34?
34
Let j = 21 - 16. Suppose -j*r - 3 = -13. Suppose 2*l + 50 + 48 = 5*n, 0 = 4*n + 3*l - 60. Calculate the highest common divisor of r and n.
2
Let u = 13 - 5. Let d = u - 5. Suppose 6 = l - d. What is the greatest common divisor of 36 and l?
9
Suppose -4*p + 6 = -6. Let m = p - -7. Calculate the greatest common factor of m and 90.
10
Suppose -255 = -5*j + 130. What is the greatest common divisor of 7 and j?
7
Let k = 22 - -32. Calculate the highest common factor of 6 and k.
6
Let u(d) = 13*d - 18. Let s be u(4). Calculate the greatest common divisor of 17 and s.
17
Let b be (16/(-10))/((-10)/25). Suppose -x + 2*k - 10 = b*k, 0 = -5*k - 10. Let i be -1 - -80 - x/(-3). What is the highest common factor of i and 7?
7
Let d = 57 + -46. Calculate the highest common divisor of 55 and d.
11
Let j be (0 + 2)*(10 + -8). Suppose 4*o + o = j*p + 4, -2*p + 12 = o. What is the greatest common factor of 8 and o?
4
Let w be 22 - (-4 - -2 - -3). Let u(m) = m**3 - 3*m**2 - 17*m + 7. Let t be u(7). Calculate the greatest common factor of t and w.
21
Suppose q + 5*w + 316 = 3*q, -3*q + 3*w + 465 = 0. Calculate the greatest common divisor of q and 9.
9
Let j = 30 - 26. What is the highest common divisor of 4 and j?
4
Suppose -b = 3*x - 6*b - 46, 12 = 3*b. Calculate the highest common divisor of 55 and x.
11
Let s be 1 - (-3 + (0 - 0)). Calculate the highest common divisor of 8 and s.
4
Let w = 20 - 16. Calculate the greatest common divisor of 1 and w.
1
Suppose -4*y = -h - 10, 3*h + h - 17 = -3*y. Let i be 1912/24 + 1/y. What is the highest common divisor of 32 and i?
16
Let v be 120 - 6 - (-1 - -3). Suppose -v = -5*i + i. What is the greatest common factor of i and 4?
4
Let y be (2/4)/((-3)/(-96)). What is the highest common divisor of y and 2?
2
Suppose -8 = -4*t + 4. Suppose -5*k = t*n - 171, -2*n = 2*n - 4*k - 196. Calculate the highest common divisor of 26 and n.
26
Suppose -3 = -2*t - 1. What is the greatest common factor of t and 11?
1
Suppose -3*a = 5*r - 10 - 15, 2*a - 20 = -5*r. Let i be (r*3)/((-12)/(-8)). Suppose 3*y - 100 = -2*y. Calculate the highest common factor of y and i.
4
Let k(q) = q**3 - 3*q**2 + 2*q + 4. Let l be k(3). Let i be ((-2)/4)/((-1)/l). Suppose 5*j + 0 = 25. What is the highest common factor of j and i?
5
Suppose 8*k + 120 = 11*k. Calculate the greatest common divisor of k and 30.
10
Let z be 1*1*(1 + 0). Let a be 111 + z - (6 + -6). What is the highest common factor of 16 and a?
16
Let q(j) = -j**2 - 8*j - 4. Let a(u) = 5*u**2 + 39*u + 21. Let r(n) = 2*a(n) + 11*q(n). Let x be r(-7). Calculate the highest common divisor of x and 38.
19
Suppose 2*m - 2*x + 0*x - 128 = 0, 292 = 5*m + 2*x. Let l be (-315)/(-28) - 3/(-4). Calculate the highest common factor of l and m.
12
Let h(n) = n**3 - 4*n**2 + 6*n - 6. Let f be h(3). What is the highest common factor of f and 2?
1
Let i(w) = 0 + 1 - 2 - 50*w. Let q be i(-1). What is the greatest common divisor of q and 7?
7
Suppose v = 3*v + 8. Let b(w) = 2*w**2 + 7*w + 5. Let c be b(v). What is the highest common factor of 54 and c?
9
Suppose -4 = -q + 16. What is the greatest common divisor of 10 and q?
10
Suppose 4*v + v - 520 = 0. Suppose 51 - 64 = -n. What is the highest common divisor of v and n?
13
Suppose -3*j - u = -43, -j + 4*u + 24 = j. What is the greatest common factor of j and 154?
14
Let g(v) = -v**2 - 3*v + 4. Let y = 1 + -5. Let m be g(y). Suppose m = d + d - 64. Calculate the greatest common factor of 4 and d.
4
Suppose 0 = -n + 3 - 1. Let z = 17 + n. Calculate the greatest common factor of 152 and z.
19
Let w be (20 - 2)*(-8)/(-6). What is the greatest common divisor of w and 16?
8
Let g(m) = 32 - 2*m**2 + 0*m + m**2 + m. Let o be g(0). What is the greatest common factor of 80 and o?
16
Let p(b) = b**3 - 17*b**2 - 16*b + 8. Let d be p(18). What is the greatest common divisor of d and 11?
11
Suppose 76 = 6*i - 404. What is the greatest common factor of i and 20?
20
Let y be (-1 + 31)*(-2)/(-5). Suppose -2*l = -11 - 1. Calculate the highest common factor of l and y.
6
Suppose 0 = -10*j + 15*j - 725. What is the highest common divisor of 29 and j?
29
Let z(a) = a**2 - a - 2. Let s be z(3). Calculate the highest common factor of s and 32.
4
Let v(x) = 3*x - 6. Let d be v(4). Let y be -2 + 3 + (1 - 0). Suppose -3*m - 106 = -4*n + 2*m, -2*m = y*n - 44. What is the greatest common divisor of n and d?
6
Suppose -12 = -3*k - 3*g, 9*k - 5*g = 4*k. Let v(z) = 5*z**3 - 4*z**2 + 3*z. Let s be v(k). What is the highest common divisor of 6 and s?
6
Suppose -4*a = -2*y - 22, -5*a = y + y - 41. Suppose 1 = 3*t - 4*i, 3*t = 3*i - 2*i + 16. What is the highest common divisor of t and a?
7
Let y = 8 - 7. Let a = 3 - y. Suppose 6*b + 3*q = a*b + 305, 0 = 3*b + 5*q - 215. Calculate the greatest common factor of 16 and b.
16
Suppose -i - 2*i = -54. Calculate the greatest common factor of i and 6.
6
Let l(r) = r**3 + 2*r**2 - 1. Let t be l(1). Suppose 14 = 3*u - t*u - 3*p, 4*u - 41 = -3*p. Calculate the highest common factor of u and 44.
11
Let s(d) = 17 + 2*d - 26 + 9 - 23*d**3. Let p be s(-2). Calculate the greatest common divisor of 20 and p.
20
Suppose -l - 2*k = -8, -3*l + 4*k = 2*k + 8. Suppose -3*m + 2*t + 124 = 0, l = m + 3*t - 47 - 9. Calculate the greatest common factor of m and 4.
4
Let w(v) = v**3 + 10*v**2 + 7. Let a be w(-10). Calculate the highest common divisor of 77 and a.
7
Let z be (-199)/(-2) - 4/8. Let n = -53 + 64. Calculate the highest common divisor of n and z.
11
Let s(f) = 6*f**2 + 15*f - 5. Let h be s(-7). Calculate the highest common factor of 23 and h.
23
Let n = 245 - 149. What is the greatest common divisor of n and 64?
32
Let o(s) = -s**3 - 4*s**2 - 4*s + 8. Let m be o(-6). Let n(h) = -h**3 + 10*h**2 + h + 3. Let l be n(10). Calculate the greatest common factor of m and l.
13
Let o(q) be the third derivative of q**5/60 + q**4/6 - q**3/2 - q**2. Let i be o(-6). Calculate the greatest common factor of 18 and i.
9
Let j be ((-9)/(-2))/((-6)/(-8)). Let y = j - 7. Let o be (0 - y)/((-1)/(-1)). Calculate the greatest common divisor of 1 and o.
1
Suppose 4*j = -p - p - 138, -3*j = p + 106. Let o = j - -52. Suppose 3*g - 6 = g. What is the highest common 